 tens digit of (j/(-9))/(2/(-3))?
3
Let g(o) = 99*o**3 - 6*o**2 + 5*o + 10. Let n be g(4). Suppose n = -15*r + 20580. What is the units digit of r?
4
Let c be 4 - (-23)/(-2)*-4. What is the tens digit of 13 + -6 + -7 + c?
5
Suppose 4*h - 2*h = 4*x, x = 2*h - 6. What is the tens digit of (x*13)/((32/(-184))/(-2))?
9
Let g(y) = -125*y + 130*y + 7 + 27. Let a be g(0). Let p = 38 + a. What is the units digit of p?
2
Let l = 23119 + 16081. What is the hundreds digit of l?
2
Suppose 3*p = -5*b - 78, 3*b + 2*b = -5*p - 120. Suppose -49 = z + 11. Let n = p - z. What is the tens digit of n?
3
Suppose -228440 = -4*a - 5*n, -285508 = -5*a + 56*n - 57*n. What is the units digit of a?
0
Let b(u) = u**2 + 16*u - 2. Let l be b(-16). Let n be (-15)/l*426/5. What is the tens digit of n/12 - 7/28?
5
Let d(c) = c**3 + 13*c**2 + 12*c - 17. Let u be (-30)/8*(-520)/39. Suppose u = -14*g + 9*g. What is the hundreds digit of d(g)?
1
Let f(k) = -1 + k + 3*k**2 + k**2 - k**2. Let v(d) = 16*d - 164. Let u be v(10). What is the units digit of f(u)?
3
Let x be (0 - (-2 - (-1 + 1))) + 1. Suppose 5*u - 81 = 2*d - 0*d, -u + 24 = -x*d. What is the tens digit of 148*(4 + u/(-4))?
3
Suppose 6 = 2*n - 2*r, 5*n + 92*r + 15 = 87*r. Let m be (-4 - -3)*1*-215. What is the units digit of 5 + n + m + -5?
5
Let k be (-1)/(-5) - 116/(-20). Let m(j) = 7*j**2 - 17*j - 3*j**2 + 0*j**2. What is the tens digit of m(k)?
4
Suppose -8126 = -3*m - 2*v, 5*m - 2*v - 13565 = -v. Suppose 3*g + m = 11*g. What is the tens digit of g?
3
Let p = -4 + -24. What is the tens digit of 92/7*p/(-8)?
4
Let x(o) = o**2 - 5*o - 3. Let s be x(-6). Let u be 6/(-24)*4 - -110. Let p = u - s. What is the units digit of p?
6
Let g = 17055 + -9625. What is the tens digit of g?
3
Suppose -12 = 2*c - 5*x, -5*c + 24 + 16 = 5*x. Let u(a) = -15*a + 11. Let k(i) = -44*i + 33. Let s(h) = c*k(h) - 11*u(h). What is the tens digit of s(-6)?
7
Suppose 0 = -7*z + 3*z + g - 28, 4*g = z - 8. Let s be -9 + 0/((-2)/(-2)). Let p = z - s. What is the units digit of p?
1
Let g(y) = 13*y + 40. Let a be g(2). Suppose -a*f - 3465 = -73*f. What is the tens digit of f?
9
Let o be 1130/95 - (-64)/608. Let g(m) = 107*m**3 + 2*m + 1. Let n be g(-1). What is the tens digit of n/12*(-1 - o/9)?
2
Suppose 0 = -2*r - 3*g + 10590, 5*r - 96*g + 99*g - 26475 = 0. What is the units digit of r?
5
Let t(o) = 12*o**2 - 38*o + 1494. What is the thousands digit of t(25)?
8
Let v = 9099 - 1427. Suppose 17*r - 9430 = v. What is the thousands digit of r?
1
Let a = -593 - -1814. What is the thousands digit of a?
1
Let c(t) be the second derivative of t**4/3 - t**3/3 - 2*t**2 + 122*t. Let l(a) = a**3 + 10*a**2 + 9*a + 5. Let h be l(-9). What is the units digit of c(h)?
6
Let n(l) = 367*l - 557. What is the tens digit of n(12)?
4
Let f(b) = -b**3 - 10*b**2 + 7*b + 7. Let c be f(-10). Let x = c + 70. Suppose -x*s + 1096 = 151. What is the hundreds digit of s?
1
Let o(j) = 5*j + 33. Let u = 71 - 77. Let c be o(u). Suppose -16*g + 1976 = -c*g. What is the tens digit of g?
5
Let o(p) = 5716*p - 119. What is the thousands digit of o(1)?
5
Let y be (26 - 22)*(-206)/4. Let p = y + 291. What is the units digit of p?
5
Let n = -551 + 926. Suppose -4*j = w - 204, 2*w - j - n = 2*j. Suppose -t + w = 2*a, a = 4*a - 2*t - 274. What is the tens digit of a?
9
Let o = -86184 + 124022. What is the hundreds digit of o?
8
Let a = 12043 - 6929. What is the thousands digit of a?
5
Let g(o) = -o**2 + 5*o - 4. Let p be g(1). Suppose 53*t - 22*t - 24986 = p. What is the hundreds digit of t?
8
Suppose 12 = 5*m - 2*o, 4*m - 6 - 2 = 2*o. Let c be (-13356)/(-132) - m/22. Suppose 1 - c = -2*l. What is the tens digit of l?
5
Let l = 1574 + -918. Suppose -i = -2*w + 439, 2*i - 3*w = -5*w - 884. Let r = l + i. What is the hundreds digit of r?
2
Suppose -3 = -2*b + 1. Suppose -b*j = -3*k + 1, -j = k - 3*j + 5. Suppose 0 = k*g - v - 4*v - 408, -3*g + 4*v + 408 = 0. What is the units digit of g?
6
Suppose 4 = -d - 3*d, -m - 3*d = 0. Suppose -q + 638 = 5*i - m*i, 3*i - 3*q = 957. What is the tens digit of i?
1
Suppose 0 = 2*c, -122 = -3*m - 2*c - 521. Let w = m - -77. Let z = w + 146. What is the tens digit of z?
9
Let x = 0 - -5. Let p be 13/39 - (-4)/(-9)*-6. Suppose -p*v + 5*v = 4*m, -x*v + m = -9. What is the units digit of v?
2
Let g(z) = 16*z - 31. Let d be g(6). Let n = d - -88. What is the units digit of n?
3
Let m = -1538 - -8900. What is the tens digit of m?
6
Let h = 39 + -66. Let z = h + -38. Let x = 22 - z. What is the units digit of x?
7
Let l be (-1 - 1/(-2))/((-1)/(-58)). Let k = l - -96. Let t = 87 - k. What is the units digit of t?
0
Suppose -13 = -5*j - 48. Let q(x) = -23*x - 117. What is the tens digit of q(j)?
4
Let g(m) = -m**2 - 8*m - 3. Let x be g(-2). Suppose 0 = -5*u + 10*n - x*n + 395, 0 = 4*u - 3*n - 305. What is the tens digit of u?
8
Suppose 0 = 5*n - 5, -11200 - 38550 = -2*j + 4*n. What is the units digit of j?
7
Let c(l) = -16*l**3 + 31*l**2 + 94*l - 3. What is the units digit of c(-4)?
1
Let j = 48808 + -7074. What is the tens digit of j?
3
Suppose -3*w = -c - 48, -w - 3*w - c + 64 = 0. Let z = w - -55. Let h = z - 58. What is the tens digit of h?
1
Suppose 139*q = 157*q - 12924. What is the hundreds digit of q?
7
Let s = -3334 - -8279. What is the thousands digit of s?
4
What is the hundreds digit of ((-36)/(-90))/(6/(-5))*-4512?
5
Let b = 248 - 244. Suppose 4624 = 3*p - b*m, -5*m = -20 - 5. What is the tens digit of p?
4
Suppose 0 = 2*p - 6, 37249 + 307231 = 4*a + 4*p. What is the ten thousands digit of a?
8
Let u(z) = -15*z + 26. Let i be u(2). What is the tens digit of 18/7*(i + 738/27)?
6
Let m = -455 + -322. Let u = 1235 + m. What is the tens digit of u?
5
Let x be (4 - (4 + 1)) + 6. Suppose -3*h + 3*o + 16 = 4, -x*o - 16 = -4*h. Suppose -h*r = 2*n - 96, -4*n - r = -4*r - 170. What is the tens digit of n?
4
Suppose 3*p - 2*j + 4 + 2 = 0, p - 3 = -j. Suppose 0 = -6*a - p*a - 18. What is the tens digit of 2*(138/4 - 1) - a?
7
Let i = 257 - 17. Suppose 476 = -4*k + b, i = -k - k + b. Let g = k - -190. What is the tens digit of g?
7
Suppose -19102 = 5*w - 47*w + 19496. What is the units digit of w?
9
Let b = -17047 + 29464. What is the ten thousands digit of b?
1
Suppose -2*x + 50192 = 3*r, 5*x + 16708 = 96*r - 95*r. What is the thousands digit of r?
6
Suppose 84 = 87*y - 80*y. Suppose -y*f = 153 - 549. What is the units digit of f?
3
Let h(i) = 2319*i + 789. What is the hundreds digit of h(19)?
8
Let w = 59 - 10. Let t = 131 - w. What is the units digit of t?
2
Let n = 60826 - 40420. What is the units digit of n?
6
Let v(y) = y + 18. Let r be (-3 + -4)*(-6)/(-7). Let t be v(r). Suppose -t*m = -6*m - 996. What is the hundreds digit of m?
1
Suppose 3*z - 424 - 194 = 0. What is the units digit of (-3 - -2 - -2)*z?
6
Let k(w) = -w**3 + 30*w**2 - w - 130. What is the tens digit of k(-12)?
3
Let k = -31 - -28. Let h be 10*(-5)/k*(-90)/(-12). Let z = h + -17. What is the tens digit of z?
0
Let t(v) = -5*v + 2. Let d be t(-1). Let l(n) = 95*n - 5. Let x be l(d). Suppose -15*o + 20*o = x. What is the units digit of o?
2
Suppose -2*l - 20 = 5*u + 7, -u - 4*l = 9. What is the units digit of 1/(-7*u/2765)?
9
Suppose a - 4*n - 6852 - 2132 = 0, 5*a + 5*n - 44945 = 0. What is the thousands digit of a?
8
Suppose -5*i + 6838 + 22582 = 0. What is the hundreds digit of i?
8
Let r = 592 + -566. Suppose 14796 = r*g - 12816. What is the tens digit of g?
6
Let s = 41 - 37. Suppose -s*c + 475 = 5*i, 2*c - 6*c = -4*i - 520. What is the units digit of (-3)/((-45)/6)*c?
0
Let a(s) = 168*s - 312. Suppose -2*u + 4*m - 6 = -30, -4*m - 26 = -3*u. Let z(f) = -13*f + 24. Let w(k) = u*a(k) + 27*z(k). What is the tens digit of w(-6)?
1
Suppose 334*n + 326128 = 342*n. What is the hundreds digit of n?
7
Let v(g) = -2*g**2 + 63*g - 63. Let d(i) = -3*i**2 + i + 1. Let y(q) = d(q) - v(q). What is the tens digit of y(-24)?
7
Let k(o) = o**3 - 6*o**2 + 10*o + 6. Let w be k(5). Suppose 10*t = 4*l + 5*t + w, 0 = 2*t - 6. What is the units digit of 9/(81/(-6))*318/l?
3
What is the tens digit of (-71)/((9/2565*-5)/3)?
4
Suppose -2*b + 90045 = 3*i, -27655 = 4*i - 2*b - 147687. What is the tens digit of i?
1
Suppose 4*n - 303 = 2*n + 5*z, -5*n + 2*z = -768. Suppose -d - n = -4*y - 3*d, 3*d = 2*y - 65. Let j